me factors of q?
2, 977
Suppose 5*a - 21 = -r, 6 = -4*a + 4*r + 18. Let t(w) = 21*w + 19. Let f be t(a). Let m = -3 + f. List the prime factors of m.
2, 5
Suppose 8 = -9*w + 53. Let k(f) = 186*f - 4. Let n(d) = -d + 1. Let h(t) = w*n(t) + k(t). What are the prime factors of h(1)?
2, 7, 13
What are the prime factors of 543364/12*69/115 - (-4)/(-20)?
2, 3, 283
Suppose -57*t + 848 = -49*t. Suppose 0 = -t*n + 107*n - 192. What are the prime factors of n?
2, 3
Suppose -39*u + 11*u = -700. Suppose -u*f + 753 = -3522. List the prime factors of f.
3, 19
Let k be ((-840)/16)/21*(1 + -299). Suppose -l + 4 = 0, 21*j + k = 24*j + 4*l. List the prime factors of j.
3
Suppose 3*t + 160 = 35*t. Let i(j) = 2*j**3 + 5*j**2 - 2*j - 12. List the prime factors of i(t).
353
Suppose -3*f + 2940 + 35838 = 0. List the prime factors of f.
2, 23, 281
List the prime factors of -1 - ((-2697165)/65 - -10) - (-8)/52.
2, 3, 3457
Suppose 0 = 33*v - 27*v, r - 4*v - 17337 = -5*v. List the prime factors of r.
3, 5779
Let l(f) = -f**3 - 4*f**2 + 7*f + 1. Let o be l(3). Let n = o - -44. Suppose n*m + 333 = 3*d - 132, -4*m + 784 = 5*d. List the prime factors of d.
2, 3, 13
Suppose 30 = -4*a + 2*q - 0*q, 0 = -4*a + 4*q - 20. Let i be (a/(-20))/((-3)/(-420)). Let z = i - 24. List the prime factors of z.
2, 23
Suppose -14 = -5*u - 39, -3*j - 4*u + 170173 = 0. List the prime factors of j.
56731
Let s = 2099 - -586. List the prime factors of s.
3, 5, 179
Let q = -6800 + 24809. List the prime factors of q.
3, 23, 29
Let b be 3/(-3)*0/1. Suppose -3*v + b*v = -831. Suppose 3*l - 4*a - v = 0, -l = -a - 42 - 51. List the prime factors of l.
5, 19
Let w(p) = 69*p**2 + 6*p - 70. List the prime factors of w(6).
2, 5, 7
Suppose -404 = -9*d + 1. Let n be (10/d)/((-2)/(-9)). What are the prime factors of (-1 - (n + (-14)/(-5)))*-10?
2, 3
Suppose 0 = b - 23565 - 10539. What are the prime factors of b?
2, 3, 7, 29
Let u be 624/(-286)*(-11)/2. Suppose 0 = -v - 2*o + 71, -10*v = -u*v - o + 127. What are the prime factors of v?
61
Let z = 9798 + -1106. What are the prime factors of z?
2, 41, 53
Let u = -472 - -334. Let l = u + 1424. What are the prime factors of l?
2, 643
List the prime factors of ((-6)/(-30))/(33/6199710).
2, 18787
Let v(y) = 106*y + 4. Let z be v(-3). Let r = 51 - z. What are the prime factors of r?
5, 73
Let b(r) = -2*r**3 + r**2 - 22*r + 8. Let l be b(8). What are the prime factors of ((-6)/12)/(3/l)?
2, 47
Suppose 3*q = -5*f - 0*q - 3358, -2*f + 4*q = 1338. Let m = f + 1979. What are the prime factors of m?
2, 3, 109
Let a(v) = v**2 + 8*v + 15. Suppose 4*j + h = 3 + 1, -18 = -3*j + 3*h. Let r be 16/j*(-9)/12. What are the prime factors of a(r)?
3
Suppose 0 = -2*c - 10, 2*k - c + 286 = 5*k. Let d = k + -93. Suppose a - 66 = -5*g + 580, -d*g = -4*a - 536. What are the prime factors of g?
2, 5, 13
Suppose -4*q = -2*n - 131588, -77*n = 5*q - 82*n - 164470. What are the prime factors of q?
2, 5, 7, 47
Let z be 13*13 - 2/6*12. Let t = z + -117. List the prime factors of t.
2, 3
What are the prime factors of (48/26 - 2) + 302228/26?
2, 1453
Suppose -28 = k + 3*t + t, k - t = -8. What are the prime factors of (-20348)/k + 64/(-24)?
1693
Let x(p) = 5*p**3 + p**2 - p - 1. Let b be x(-1). Let v be 10/(-2)*b/10. Suppose -v*l - 21 - 28 = -d, 4*l - 31 = -d. List the prime factors of d.
43
What are the prime factors of (-762046)/((-13)/(65/310)) + (-8)/124?
3, 17, 241
Suppose -2886 = -4*z - b, 11*z - 9*z - 4*b = 1452. Suppose 2*a - z - 112 = 0. What are the prime factors of a?
3, 139
List the prime factors of (-28)/(-140) + 58/10 - (-20530 - 1).
11, 1867
What are the prime factors of ((-126)/32 - (-4)/(-64))*(-6682)/1?
2, 13, 257
Let w be (-4 - 3)*(-1 - -13). Let b = w + 134. List the prime factors of b.
2, 5
List the prime factors of (-2 + 35)/((-435)/(-152105)).
11, 1049
Let k = -85 + 89. Suppose -2*j - 106 = -4*n, -k*n + 0*n = 4*j + 272. What are the prime factors of 15/(-6) - -4 - j/2?
3, 11
Suppose 100*a = 106*a - 8352. Suppose 85*m - a = 77*m. What are the prime factors of m?
2, 3, 29
Let y(r) = -105*r + 6769. What are the prime factors of y(-56)?
7, 13, 139
Let l = -274 + 274. Suppose l = 12*f - 7*f - 2120. List the prime factors of f.
2, 53
Let y(x) = -23*x + 107. Let l(v) = 13*v + 32. Let z be l(-3). What are the prime factors of y(z)?
2, 67
Let k = 112804 - 66344. What are the prime factors of k?
2, 5, 23, 101
Suppose 0 = 2*k + 5*k - 14. Suppose 0 = 2*y + k*y - 5*f - 214, -2*y - 3*f + 118 = 0. Suppose 2*z - 6*z = -y. What are the prime factors of z?
2, 7
Suppose 5*b - 3*v = -2*v - 2, 0 = 3*b + 2*v + 9. Suppose -5*q + 66 = 441. Let c = b - q. What are the prime factors of c?
2, 37
What are the prime factors of ((-1*4)/(-1))/((-26)/(-52585))?
2, 5, 809
Let r = -270 + 658. Let m = -129 + r. List the prime factors of m.
7, 37
Let b(a) = 2*a + 40. Let r be b(-20). Suppose r = -0*h - 10*h + 3160. What are the prime factors of h?
2, 79
Let c = 5827 + 3684. What are the prime factors of c?
9511
Suppose 95*i - 93*i = 24. Suppose -i*g = -1334 - 82. What are the prime factors of g?
2, 59
Let y be -4 - (15/2)/(-5)*98. Suppose 0 = 127*m - y*m + 384. List the prime factors of m.
2, 3
Let q = -84 - -25. Let u be (0 - 6/(-18))/(1/249). Let t = q + u. What are the prime factors of t?
2, 3
Suppose -3*a - 5*k = -5704, 188*a = 187*a + 5*k + 1868. List the prime factors of a.
3, 631
Let k = -118 - 315. Let z = k + 1007. List the prime factors of z.
2, 7, 41
Let u = 554 - 562. What are the prime factors of ((-6)/u)/(5/660)?
3, 11
Let g(i) = -4*i + 37. Let u be 8/(-28) - 310/(-7). Suppose -z = -5*z - u. What are the prime factors of g(z)?
3
Let k be 10/30*6/(-2). Let w(z) = 25*z - 6. Let i(a) = -a - 1. Let g(b) = k*w(b) - i(b). What are the prime factors of g(-3)?
79
What are the prime factors of (440/(-280) - (-6)/(-14))/(2/(-141))?
3, 47
Let y(p) = 57*p**2 + 3*p + 4. Let r be y(-1). Suppose 5*s - 86 - r = 4*c, -152 = -5*s + 2*c. List the prime factors of s.
2
Let a be (-3689)/(-124) - ((-18)/8 + 2). Suppose 37*x - a*x - 70 = 0. What are the prime factors of x?
2, 5
Let m(t) = -t**3 - 20*t**2 + 4*t + 23. Let o be m(-17). Suppose 5*c + 3102 = 2*r, -4*c - r - 2483 = -4*r. Let h = c - o. What are the prime factors of h?
2, 73
Suppose -160169 = -3*q - 4*i, 202*q - i = 206*q - 213524. List the prime factors of q.
3, 659
Suppose -3*m = -9 + 6. What are the prime factors of m + (-4 - -4) + 341?
2, 3, 19
Suppose -612474 = -52*w + 56764 + 252774. List the prime factors of w.
7, 17, 149
Let y(n) = -9*n**2 + 4*n - 33. Let g be y(12). Let m = g + 2211. What are the prime factors of m?
2, 3, 5, 31
Let z = 25118 - 4981. List the prime factors of z.
13, 1549
Suppose 5*l - 4*p - 11 = 4, 2*p = 0. Suppose -3*a + 10 - 4 = -l*i, -2*i = 0. What are the prime factors of (3 + (a - 7))/(2/(-129))?
3, 43
Suppose -153*u = -2650266 + 673506. What are the prime factors of u?
2, 5, 17, 19
What are the prime factors of 32321/(6 + -8 + 3)?
32321
What are the prime factors of ((-17384)/318)/((-8)/3582)?
3, 41, 199
Suppose 0 = m - 7 - 23. Suppose -15*t = m*t - 52920. What are the prime factors of t?
2, 3, 7
Let k(d) = -d + 0*d - 10 + 2*d + d**2. Suppose -2*o - 2*p = 26, 4*p + 16 = -o - 12. What are the prime factors of k(o)?
2, 23
Suppose -2*d + 10 = 0, -3*m + 2*d = -3*d - 71. Suppose 6*u + m = 140. What are the prime factors of u?
2, 3
Let r be (-2)/5 - (-504)/(-90). List the prime factors of (-3304)/r + 3*15/135.
19, 29
Let c(s) = 7*s**2 + 11*s - 11. Let l be (2/(-6))/((-5)/75). Let u be c(l). Suppose -3*j + u = o, -3*j - 4*o = o - 231. What are the prime factors of j?
2, 3
Let g(s) = 3*s - 5 + 2 - 19 - 8. Let c be g(11). Suppose -c*d + 157 = 2*f, -5*d = -3*f - 0*d + 245. What are the prime factors of f?
2, 5
Let m(a) = 93*a + 5904. List the prime factors of m(0).
2, 3, 41
Suppose 2*w = -8, 5*w - 4*w = 3*t + 2. Let r(j) = 78*j**2 + 4*j + 2. What are the prime factors of r(t)?
2, 3, 17
Let o = 137755 + -90495. What are the prime factors of o?
2, 5, 17, 139
Suppose 159*b - 77*b = 3463926. List the prime factors of b.
3, 14081
Let n(a) = 4*a + 332. Let x be n(14). Suppose -410 = -19*g + x. What are the prime factors of g?
2, 3, 7
Let g be (-148)/(-10) - ((-12)/10)/6. Let s(i) = i**3 - 16*i**2 + 18*i + 7. Let j be s(g). List the prime f